{"id":13957,"date":"2025-02-23T18:53:21","date_gmt":"2025-02-23T23:53:21","guid":{"rendered":"https:\/\/sim.unemi.edu.ec\/?page_id=13957"},"modified":"2025-03-19T14:48:30","modified_gmt":"2025-03-19T19:48:30","slug":"historia","status":"publish","type":"page","link":"https:\/\/sim.unemi.edu.ec\/index.php\/historia\/","title":{"rendered":"Historia"},"content":{"rendered":"\n<h2 class=\"wp-block-heading\"><strong>Historia<\/strong><\/h2>\n\n\n\n<p>El Sistema Integrado de Medios (SIM) comenz\u00f3 sus operaciones en mayo de 2022, con la visi\u00f3n de las Autoridades y Directivos de nuestra Instituci\u00f3n, liderados por nuestro Rector Ph.D. Fabricio Guevara Viej\u00f3, para fortalecer la formaci\u00f3n acad\u00e9mica en las \u00e1reas de comunicaci\u00f3n a trav\u00e9s de proyectos innovadores en radio, televisi\u00f3n y prensa digital. Desde su creaci\u00f3n, el SIM ha servido como un puente entre la teor\u00eda y la pr\u00e1ctica, consolid\u00e1ndose como un referente en la producci\u00f3n de contenidos de calidad que combinan creatividad, tecnolog\u00eda y profesionalismo.<\/p>\n\n\n\n<p>En septiembre de 2024, el SIM se integr\u00f3 formalmente a la estructura organizacional de la Universidad Estatal de Milagro (UNEMI). Actualmente, est\u00e1 bajo la direcci\u00f3n del Vicerrectorado de Vinculaci\u00f3n, en conjunto con la Direcci\u00f3n de Espacios de Simulaci\u00f3n, lo que ha permitido una mejor coordinaci\u00f3n estrat\u00e9gica y un enfoque renovado en la excelencia acad\u00e9mica y operativa. Esta incorporaci\u00f3n refuerza su papel como un motor clave en el desarrollo comunicacional de la instituci\u00f3n.<\/p>\n","protected":false},"excerpt":{"rendered":"<p>Historia El Sistema Integrado de Medios (SIM) comenz\u00f3 sus operaciones en mayo de 2022, con la visi\u00f3n de las Autoridades y Directivos de nuestra Instituci\u00f3n, liderados por nuestro Rector Ph.D. Fabricio Guevara Viej\u00f3, para fortalecer la formaci\u00f3n acad\u00e9mica en las \u00e1reas de comunicaci\u00f3n a trav\u00e9s de proyectos innovadores en radio, televisi\u00f3n y prensa digital. Desde [&hellip;]<\/p>\n","protected":false},"author":2,"featured_media":13604,"parent":0,"menu_order":0,"comment_status":"closed","ping_status":"closed","template":"","meta":{"footnotes":""},"class_list":["post-13957","page","type-page","status-publish","has-post-thumbnail","hentry"],"_links":{"self":[{"href":"https:\/\/sim.unemi.edu.ec\/index.php\/wp-json\/wp\/v2\/pages\/13957","targetHints":{"allow":["GET"]}}],"collection":[{"href":"https:\/\/sim.unemi.edu.ec\/index.php\/wp-json\/wp\/v2\/pages"}],"about":[{"href":"https:\/\/sim.unemi.edu.ec\/index.php\/wp-json\/wp\/v2\/types\/page"}],"author":[{"embeddable":true,"href":"https:\/\/sim.unemi.edu.ec\/index.php\/wp-json\/wp\/v2\/users\/2"}],"replies":[{"embeddable":true,"href":"https:\/\/sim.unemi.edu.ec\/index.php\/wp-json\/wp\/v2\/comments?post=13957"}],"version-history":[{"count":10,"href":"https:\/\/sim.unemi.edu.ec\/index.php\/wp-json\/wp\/v2\/pages\/13957\/revisions"}],"predecessor-version":[{"id":14150,"href":"https:\/\/sim.unemi.edu.ec\/index.php\/wp-json\/wp\/v2\/pages\/13957\/revisions\/14150"}],"wp:featuredmedia":[{"embeddable":true,"href":"https:\/\/sim.unemi.edu.ec\/index.php\/wp-json\/wp\/v2\/media\/13604"}],"wp:attachment":[{"href":"https:\/\/sim.unemi.edu.ec\/index.php\/wp-json\/wp\/v2\/media?parent=13957"}],"curies":[{"name":"wp","href":"https:\/\/api.w.org\/{rel}","templated":true}]}}