{"id":14094,"date":"2025-02-26T15:52:32","date_gmt":"2025-02-26T20:52:32","guid":{"rendered":"https:\/\/sim.unemi.edu.ec\/?page_id=14094"},"modified":"2025-03-26T15:52:25","modified_gmt":"2025-03-26T20:52:25","slug":"unemi-sounds","status":"publish","type":"page","link":"https:\/\/sim.unemi.edu.ec\/index.php\/unemi-sounds\/","title":{"rendered":"Unemi Sounds"},"content":{"rendered":"<div class=\"wp-block-image\">\n<figure class=\"aligncenter size-large is-resized\"><img loading=\"lazy\" decoding=\"async\" width=\"1024\" height=\"176\" src=\"https:\/\/sim.unemi.edu.ec\/wp-content\/uploads\/2025\/03\/logo-unemi-sounds-h-1024x176.png\" alt=\"\" class=\"wp-image-14261\" style=\"width:589px;height:auto\"\/><\/figure><\/div>\n\n\n<div style=\"height:50px\" aria-hidden=\"true\" class=\"wp-block-spacer\"><\/div>\n\n\n<p><span style=\"font-weight: 400;\">El alma sonora de UNEMI. En <\/span><b>Unemi Sounds<\/b><span style=\"font-weight: 400;\">, transmitimos las voces de la comunidad universitaria a trav\u00e9s de programas radiales que informan, educan y entretienen. Desde m\u00fasica, entrevistas hasta debates culturales, nuestra plataforma es un espacio donde la creatividad fluye al ritmo de la comunicaci\u00f3n.<\/span><\/p>\n\n\n\n\n<figure class=\"wp-block-gallery has-nested-images columns-default is-cropped wp-block-gallery-1 is-layout-flex wp-block-gallery-is-layout-flex\">\n<figure class=\"wp-block-image size-large\"><img loading=\"lazy\" decoding=\"async\" width=\"1024\" height=\"545\" data-id=\"14264\" src=\"https:\/\/sim.unemi.edu.ec\/wp-content\/uploads\/2025\/03\/Set-Radio-1024x545.png\" alt=\"\" class=\"wp-image-14264\"\/><\/figure>\n\n\n\n<figure class=\"wp-block-image size-large\"><img loading=\"lazy\" decoding=\"async\" width=\"1024\" height=\"1024\" data-id=\"14263\" src=\"https:\/\/sim.unemi.edu.ec\/wp-content\/uploads\/2025\/03\/Foto-set-radio-cabina-3-1024x1024.png\" alt=\"\" class=\"wp-image-14263\"\/><\/figure>\n\n\n\n<figure class=\"wp-block-image size-large\"><img loading=\"lazy\" decoding=\"async\" width=\"900\" height=\"900\" data-id=\"14262\" src=\"https:\/\/sim.unemi.edu.ec\/wp-content\/uploads\/2025\/03\/Foto-set-radio-2.png\" alt=\"\" class=\"wp-image-14262\"\/><\/figure>\n<\/figure>\n\n\n\n<div style=\"height:21px\" aria-hidden=\"true\" class=\"wp-block-spacer\"><\/div>\n\n\n<p><span style=\"font-weight: 400;\">El objetivo principal es que los estudiantes desarrollen competencias t\u00e9cnicas clave como el manejo de equipos de radio, la locuci\u00f3n y la producci\u00f3n radiof\u00f3nica. A trav\u00e9s de estas actividades, los estudiantes ganar\u00e1n experiencia pr\u00e1ctica en el uso de tecnolog\u00eda y software de radio, la gesti\u00f3n de tiempos y contenido en vivo, as\u00ed como la creaci\u00f3n y edici\u00f3n de producciones radiales<\/span><span style=\"font-weight: 400;\">.<\/span><\/p>\n<p><b>Roles en los Programas de Radio<\/b><\/p>\n<ul>\n<li style=\"font-weight: 400;\" aria-level=\"1\"><b>Locutores:<\/b><span style=\"font-weight: 400;\"> Encargados de la conducci\u00f3n y locuci\u00f3n de los programas, desarrollando habilidades de comunicaci\u00f3n oral.<\/span><\/li>\n<li style=\"font-weight: 400;\" aria-level=\"1\"><b>Productores:<\/b><span style=\"font-weight: 400;\"> Responsables de la planificaci\u00f3n y ejecuci\u00f3n de los contenidos radiales.<\/span><\/li>\n<li style=\"font-weight: 400;\" aria-level=\"1\"><b>Operadores de Sonido:<\/b><span style=\"font-weight: 400;\"> Manejo de equipos t\u00e9cnicos, edici\u00f3n y postproducci\u00f3n de sonido.<\/span><\/li>\n<\/ul>\n\n\n<p><\/p>\n","protected":false},"excerpt":{"rendered":"<p>El alma sonora de UNEMI. En Unemi Sounds, transmitimos las voces de la comunidad universitaria a trav\u00e9s de programas radiales que informan, educan y entretienen. Desde m\u00fasica, entrevistas hasta debates culturales, nuestra plataforma es un espacio donde la creatividad fluye al ritmo de la comunicaci\u00f3n. El objetivo principal es que los estudiantes desarrollen competencias t\u00e9cnicas [&hellip;]<\/p>\n","protected":false},"author":2,"featured_media":0,"parent":0,"menu_order":0,"comment_status":"closed","ping_status":"closed","template":"","meta":{"footnotes":""},"class_list":["post-14094","page","type-page","status-publish","hentry"],"_links":{"self":[{"href":"https:\/\/sim.unemi.edu.ec\/index.php\/wp-json\/wp\/v2\/pages\/14094","targetHints":{"allow":["GET"]}}],"collection":[{"href":"https:\/\/sim.unemi.edu.ec\/index.php\/wp-json\/wp\/v2\/pages"}],"about":[{"href":"https:\/\/sim.unemi.edu.ec\/index.php\/wp-json\/wp\/v2\/types\/page"}],"author":[{"embeddable":true,"href":"https:\/\/sim.unemi.edu.ec\/index.php\/wp-json\/wp\/v2\/users\/2"}],"replies":[{"embeddable":true,"href":"https:\/\/sim.unemi.edu.ec\/index.php\/wp-json\/wp\/v2\/comments?post=14094"}],"version-history":[{"count":8,"href":"https:\/\/sim.unemi.edu.ec\/index.php\/wp-json\/wp\/v2\/pages\/14094\/revisions"}],"predecessor-version":[{"id":14297,"href":"https:\/\/sim.unemi.edu.ec\/index.php\/wp-json\/wp\/v2\/pages\/14094\/revisions\/14297"}],"wp:attachment":[{"href":"https:\/\/sim.unemi.edu.ec\/index.php\/wp-json\/wp\/v2\/media?parent=14094"}],"curies":[{"name":"wp","href":"https:\/\/api.w.org\/{rel}","templated":true}]}}

<div class="wp-block-image">
<figure class="aligncenter size-large is-resized"><img loading="lazy" decoding="async" width="1024" height="176" src="https://sim.unemi.edu.ec/wp-content/uploads/2025/03/logo-unemi-sounds-h-1024x176.png" alt="" class="wp-image-14261" style="width:589px;height:auto"/></figure></div>


<div style="height:50px" aria-hidden="true" class="wp-block-spacer"></div>


<p><span style="font-weight: 400;">El alma sonora de UNEMI. En </span><b>Unemi Sounds</b><span style="font-weight: 400;">, transmitimos las voces de la comunidad universitaria a través de programas radiales que informan, educan y entretienen. Desde música, entrevistas hasta debates culturales, nuestra plataforma es un espacio donde la creatividad fluye al ritmo de la comunicación.</span></p>




<figure class="wp-block-gallery has-nested-images columns-default is-cropped wp-block-gallery-1 is-layout-flex wp-block-gallery-is-layout-flex">
<figure class="wp-block-image size-large"><img loading="lazy" decoding="async" width="1024" height="545" data-id="14264" src="https://sim.unemi.edu.ec/wp-content/uploads/2025/03/Set-Radio-1024x545.png" alt="" class="wp-image-14264"/></figure>



<figure class="wp-block-image size-large"><img loading="lazy" decoding="async" width="1024" height="1024" data-id="14263" src="https://sim.unemi.edu.ec/wp-content/uploads/2025/03/Foto-set-radio-cabina-3-1024x1024.png" alt="" class="wp-image-14263"/></figure>



<figure class="wp-block-image size-large"><img loading="lazy" decoding="async" width="900" height="900" data-id="14262" src="https://sim.unemi.edu.ec/wp-content/uploads/2025/03/Foto-set-radio-2.png" alt="" class="wp-image-14262"/></figure>
</figure>



<div style="height:21px" aria-hidden="true" class="wp-block-spacer"></div>


<p><span style="font-weight: 400;">El objetivo principal es que los estudiantes desarrollen competencias técnicas clave como el manejo de equipos de radio, la locución y la producción radiofónica. A través de estas actividades, los estudiantes ganarán experiencia práctica en el uso de tecnología y software de radio, la gestión de tiempos y contenido en vivo, así como la creación y edición de producciones radiales</span><span style="font-weight: 400;">.</span></p>
<p><b>Roles en los Programas de Radio</b></p>
<ul>
<li style="font-weight: 400;" aria-level="1"><b>Locutores:</b><span style="font-weight: 400;"> Encargados de la conducción y locución de los programas, desarrollando habilidades de comunicación oral.</span></li>
<li style="font-weight: 400;" aria-level="1"><b>Productores:</b><span style="font-weight: 400;"> Responsables de la planificación y ejecución de los contenidos radiales.</span></li>
<li style="font-weight: 400;" aria-level="1"><b>Operadores de Sonido:</b><span style="font-weight: 400;"> Manejo de equipos técnicos, edición y postproducción de sonido.</span></li>
</ul>


<p></p>

<p>El alma sonora de UNEMI. En Unemi Sounds, transmitimos las voces de la comunidad universitaria a través de programas radiales que informan, educan y entretienen. Desde música, entrevistas hasta debates culturales, nuestra plataforma es un espacio donde la creatividad fluye al ritmo de la comunicación. El objetivo principal es que los estudiantes desarrollen competencias técnicas [&hellip;]</p>
